the first derivative of 2*y**2 - 35*y + 9398. Give p(10).
5
Let r(s) = 33*s**2 + 30*s + 1. Let j be ((-2)/4)/(-1 + 77/70). Let y(u) = 6*u. Let l(o) = j*y(o) + r(o). Calculate l(1).
34
Let s(o) be the second derivative of 0*o**2 - 1/12*o**4 - 1/4*o**5 + o + 1/6*o**3 - 21. Determine s(1).
-5
Let h(x) = -x**2 - 3*x + x**2 - 100 - x**2 + 26*x + x. Let k be h(18). Let t(j) = j**2 - 6*j - 6. Calculate t(k).
10
Let b(x) = -4*x - 28*x**2 + 80*x**2 - 51*x**2. What is b(4)?
0
Let v(z) be the first derivative of z**2 + 23*z + 8. Let h be v(-10). Let d(m) = 4*m - 9. Let u(q) = -3*q + 8. Let r(a) = -4*d(a) - 5*u(a). Give r(h).
-7
Suppose -12*w = -15*w + 144. Suppose -55*d - w = -47*d. Let u(o) = -o**2 - 4*o + 1. Calculate u(d).
-11
Let h be (14 + (-994)/70)*0. Let m(b) = b**2 + b - 75. Determine m(h).
-75
Let a = -4226 + 4224. Let n(k) = 23*k + 49. Determine n(a).
3
Let v(l) be the second derivative of l**4/3 + l**3/2 - 8*l**2 - 4367*l - 1. Calculate v(-3).
11
Let w(j) = j**3 + 20*j**2 + 66*j + 38. Let b be w(-16). Let o(f) = -f**2 - 11. Determine o(b).
-47
Let s(d) = -4*d**2 + 6*d + 15. Let o be s(-2). Let l(x) = -x**2 - 7*x + 73. Let r be l(o). Let q(a) = 3*a**2 - 5*a - 2 - 4*a**2 - 4. Determine q(r).
-6
Let a be ((-1308)/36)/((-1)/3). Let m = a + -103. Let r be (3/(-12)*m)/((-3)/(-6)). Let z(n) = -4*n + 3. Give z(r).
15
Let k(g) = -3*g**2 + 3*g - 1. Let d(o) = -49*o - 152 - 113 + 9*o + 97 - 30. Let i be d(-5). What is k(i)?
-7
Suppose 79*y + 4*z - 4 = 81*y, -3*z + 6 = 0. Let w(v) = -2*v + 9. Give w(y).
5
Let d(c) = -12558 + 6*c + 4166 + 4179 + 4179. Calculate d(-16).
-130
Suppose 2053*s = 2014*s + 117. Let z(y) = 5*y**2 + 16*y - 60. What is z(s)?
33
Let p(g) = -7*g**3 - g**2 - 4*g - 8. Suppose -50*k = -38*k - 60. Let o(t) = -12*t**3 - 2*t**2 - 8*t - 15. Let s(r) = k*p(r) - 3*o(r). Calculate s(-2).
-7
Let m(h) = -h**3 + h**2 - 2*h + 3. Let y be 16/24 - (-48)/9. Let z be (5 - -1)*2/y. What is m(z)?
-5
Let a(c) = 3*c - 24. Let h be a(9). Let w(g) = -h + 8 + g**2 + 14 + g**3 - g. Give w(0).
19
Let y = 35 - 26. Let q(g) = g**2 - 3*g + 3. Let h(c) = -3*c**2 + 7*c - 5. Let r(i) = y*q(i) + 4*h(i). Let m(k) be the first derivative of r(k). Calculate m(-2).
13
Let x(j) be the first derivative of j**2/2 + 3*j - 13. Let o be 2 + (17 - -2) + -4. Let b = o + -17. Calculate x(b).
3
Suppose -122*n - 117 + 1317 + 386 = 0. Let k(p) = -p**3 + 13*p**2 - 3*p - 17. Calculate k(n).
-56
Suppose -3*c + 3*f + 83 = c, 5*f = -5*c + 95. Suppose 4*d = -d - c. Let a(u) = -u**3 - 3*u**2 + 8*u + 9. Determine a(d).
-7
Let k be (-3)/((-6)/20)*83/((-30295)/146). Let p(i) = -i**3 - 12*i**2 - 32*i - 8. Determine p(k).
-8
Let q(v) = 0*v - 2*v + v**3 - 3 + 9*v**2 + 11*v. Let w = 51 - 59. Determine q(w).
-11
Let m(k) be the first derivative of -4/3*k**3 - 3*k + 0*k**2 - 2 - 1/2*k**4. Suppose -47*v + 45 = -88*v + 26*v. Calculate m(v).
15
Let g = -6 - -13. Suppose v = 2*v + 3*o - g, -3*v + o = 9. Let y(m) = 2*m**2 - 11*m - 89. Let x(w) = w**2 - 7*w - 51. Let k(l) = -7*x(l) + 4*y(l). Give k(v).
-5
Let a(k) = -4*k**3 - 4*k. Let i = -30514 - -30516. Calculate a(i).
-40
Let r(b) = -2*b**3 - 8*b**2 - 12*b - 42. Let c(u) = 35*u - 599. Let i be c(17). Give r(i).
6
Suppose -7*s + j + 70 = 0, s + 2*j = 6 + 4. Let f(h) = -2*h - 7. Let o(d) = -3*d - 14. Let y(u) = -5*f(u) + 3*o(u). Calculate y(s).
3
Let g(k) = k**2 - 4. Let o = 6057 - 6048. Determine g(o).
77
Let i(z) = 104*z - 85*z - 12*z + 3. What is i(2)?
17
Let c(d) = -12*d**3 + 2*d**2 - 1. Suppose 2*j - 13*j + 22 = 0. Suppose 6 = -j*b + 8. Give c(b).
-11
Let l(y) = 7*y - 176. Let h be ((-85)/68)/((-5)/100). Give l(h).
-1
Suppose 76 = -4*a + 3*g + 260, 4*g - 65 = -a. Suppose 5*i + 24 = a. Let n(s) = -s**3 + 5*s**2 - 2*s + 2. Give n(i).
-8
Let p(j) = -51*j**3 + 6 + 96*j - 21 + 21*j**3 - j**2 + 29*j**3 - 12*j**2 - 97*j. Let c(x) = 4*x + 3. Let q be c(-4). Calculate p(q).
-2
Let n(a) = -11*a + 4. Let y(q) = -5*q + 2. Let c(x) = 4*n(x) - 9*y(x). Let d = -2363 - -2358. Give c(d).
-7
Let j(s) be the third derivative of -s**3 + 0 + 1/60*s**5 - 1/3*s**4 + 0*s - 50*s**2. Determine j(10).
14
Let v(i) = 12*i + 238 + 202 - 729 + 247. What is v(3)?
-6
Let t(u) = -5*u**2 - 7*u - 5. Let g(j) = -13*j**2 - 20*j - 8. Let b(c) = -2*g(c) + 5*t(c). Suppose -5*h = y + 12, 7*h = -2*y + 2*h - 19. Give b(y).
5
Let o(h) be the second derivative of h**5/60 + h**4/12 - h**3/6 + 25*h**2/2 - h - 57. Let p(d) be the first derivative of o(d). Give p(2).
7
Suppose 14902 - 13814 = 68*x. Let s(y) = 4*y - 58. Give s(x).
6
Let d(y) = -3*y**2 + 3. Let n be (-2)/6 - (15678/(-54))/13. Suppose 0 = -n*c + 8*c + 42. Determine d(c).
-24
Let l(q) = -24*q + 121. Let n be l(5). Let y(c) be the first derivative of 17*c**4/4 + c**3/3 - c**2/2 + c - 8. Calculate y(n).
18
Let q(u) be the second derivative of u**4/12 - 17*u**3/6 - 319*u**2/2 + 2781*u. What is q(-11)?
-11
Let i(o) = -15*o + 94. Let l be i(-22). Let j = l + -418. Let z(a) = -a**2 + 6*a - 1. Calculate z(j).
-1
Let l(a) = 4*a**3 - 18*a**2 + 18*a + 3. Let y(v) = 5*v**3 - 21*v**2 + 20*v + 4. Let t(h) = -7*l(h) + 6*y(h). Determine t(2).
7
Suppose 7 = -13*q + 46. Suppose -93*l = -92*l - q. Let k(h) = -2*h**3 + 3*h**2 - 2*h + 3. Determine k(l).
-30
Let z(m) be the first derivative of m**4/6 + m**3/6 + m**2/2 + 191*m + 156. Let a(w) be the first derivative of z(w). What is a(2)?
11
Let f(y) = 7*y - 54. Let m be f(8). Suppose -8 = 2*l + m*l, l + 2 = 3*c. Let a(o) = 0 + 1 - 3*o - 4 + c. Calculate a(-6).
15
Let a(n) = n**2 + 7*n + 8. Suppose 9*i = -4*i + 23*i + 6*i. Let l(b) = -1 - 2 - 3 + b**2 - 2*b. Let k be l(i). What is a(k)?
2
Let b = -12 - -16. Suppose 6 + 16 = -3*l + 5*w, b*w = 2*l + 14. Let g be 18/l*10/(-4). Let s(j) = -2*j + 1. Give s(g).
-9
Let p(x) = -x**3 - 11*x**2 - 11*x - 8. Suppose k + 3*j + 13 = 0, 3*j = -5*k + 4*j - 49. Determine p(k).
2
Suppose -6 = -3*x - 3*h + 7*h, x = -2*h - 8. Let r be 6/x + 39 + -37. Let c(a) = 3*a**3 - 3*a**2 - 4*a - 2. Calculate c(r).
-4
Let x(v) = -v**2 + 3*v + 130. Let m be x(13). Let c(w) = 22*w - 34*w - 3 + m + 13*w - w**2. What is c(-4)?
-23
Let v(h) = h**3 + 15*h**2 + 42*h - 25. Let k be v(-11). Let b(a) = 3*a + a**2 - 772*a**3 + 389*a**3 + 384*a**3 - 4*a - 4. Calculate b(k).
-19
Let s(v) = 7*v + 15. Suppose 0 = 4*p + 5 + 7. Let m(c) = -4*c - 7. Let z(g) = p*s(g) - 5*m(g). Let w(r) = -5*r**2 + 3*r + 3. Let q be w(-1). What is z(q)?
-5
Let m be (21870/200)/(-27) + 2/40. Let c(x) be the third derivative of -x**6/120 - x**5/15 - x**4/12 - 3*x**3/2 - 2*x**2. What is c(m)?
-1
Let l(g) = -g**3 + 3*g**2 + 4. Suppose -5*i + 5*z + 425 = 0, -4*i = -z - 156 - 172. Let n be (5/(-3))/((-45)/i). Give l(n).
4
Let w be ((-21)/(-2))/7*(1 - (-1 - 0)). Let g(v) = -14*v + 15*v + 3 + 0. What is g(w)?
6
Suppose -3*n + 4 + 2 = 0, 0 = x + 2*n - 4. Suppose d + x = 2. Let q(l) = d + 8 - 14 + l. Determine q(5).
1
Let u(i) = -i**2 - 4*i - 2. Let r be -15 + (-3014)/(-198) - (-38)/(-9). Give u(r).
-2
Let j(l) = 2*l - 1328 - 4*l + 12*l + 6*l + 1425. Calculate j(-6).
1
Let a(t) = 6*t**3 + 2*t**2 - 1. Let j = 35 - 27. Let y = -6 - j. Let r = y - -13. Calculate a(r).
-5
Let m(r) = 6*r**3 - 7*r**2 + 3*r - 3. Let q(s) = s**3 - 2*s**2 + s. Let f(t) = m(t) - 5*q(t). Calculate f(-3).
3
Let b(r) = r**3 + 5*r**2 - r - 11. Let s be b(-5). Let a(j) = -16*j + 20*j + 2 - 2 + 6. Let m(w) = -w + 1. Let n(i) = a(i) + 3*m(i). Give n(s).
3
Let d(s) = -6*s + 7. Suppose -56*o - 151 + 45 = -3*o. Calculate d(o).
19
Let t = 3014 - 3023. Let n(i) = -i**3 - 11*i**2 - 11*i + 9. Determine n(t).
-54
Suppose 5*w = y + 94, -93*y + 97*y = -2*w + 20. Let x(r) = r**2 - 9*r - 153. Give x(w).
9
Let k = -19102 - -19101. Let c(x) = -5*x - 2 + 10*x + 4. What is c(k)?
-3
Let g(u) = -1. Let t(j) = -j**3 - 11*j**2 - 10*j - 1. Let r(f) = -5*g(f) - t(f). Suppose h = 2*w + 13 + 191, 0 = 4*h. Let k = -112 - w. Give r(k).
6
Let p(y) = -306*y - 10 - 311*y + 3*y**2 + 620*y - 4*y**2. Determine p(2).
-8
Let k(b) = b**3 + b**2 - 1. Let s(f) = 5*f - 74. Suppose 120 = -462*y + 470*y. Let z be s(y). Calculate k(z).
1
Suppose 5*i - 3*o - 1 = 10, 14 = 5*i - 2*o. Let t(p) be the first derivative of -p**3/3 + 5*p**2/2 + 2*p - 1334. Give t(i).
6
Let r(x) = 235*x**2 + 1645*x + 65. Let a(k) = 30*k**2 + 206*k + 8. Let l(z) = 55*a(z) - 7*r(z). Give l(37).
-15
Let i = -3 - -7. Let b(w) = 11